4
Let m(c) = -c**3 + 24*c**2 + 277*c - 5025. What is m(26)?
825
Let t(d) = d**3 - 36*d**2 - 628*d - 6. Give t(-13).
-123
Let a(x) = -x**3 - 163*x**2 + 277*x - 6112. Calculate a(-165).
2633
Let u(d) = 50360*d - 302184. Give u(6).
-24
Let n(i) = -3219*i + 437778. What is n(136)?
-6
Let n(c) = c**3 - 5*c**2 + 224*c - 1668. Calculate n(7).
-2
Let m(g) = 4802*g - 113950. Determine m(24).
1298
Let k(v) = 2*v**3 + 5*v**2 - 424*v + 4435. Determine k(10).
2695
Let a(p) = 19851*p + 99242. Determine a(-5).
-13
Let l(h) = h**3 + 9*h**2 + 3847*h + 42609. Determine l(-11).
50
Let t(x) = -x**3 + 221*x**2 + 1271*x - 280900. Calculate t(221).
-9
Let g(f) = -f**2 + 1754*f + 310172. Give g(-162).
-220
Let l(p) = -3*p**2 - 139*p - 1821. Calculate l(-12).
-585
Let j(o) = 101*o**2 + 726*o + 18. What is j(-7)?
-115
Let s(d) = 97*d + 4424. Calculate s(-46).
-38
Let l(d) = -d**2 + 6818*d - 7965537. Calculate l(1497).
0
Let t(c) = -13*c**3 + 409*c**2 + 661*c - 47. What is t(33)?
-14
Let x(c) = 1824*c - 37046. What is x(21)?
1258
Let i(d) = 461415*d + 3691341. Calculate i(-8).
21
Let w(b) = -b**3 - 49*b**2 + 404*b - 84. Give w(7).
0
Let r(u) = -u**2 - 14*u + 2065. Determine r(-38).
1153
Let s(u) = -3850*u + 2946. Give s(0).
2946
Let o(q) = -939*q**2 + 7474*q - 15. What is o(8)?
-319
Let o(s) = 82021*s - 902241. Determine o(11).
-10
Let y(o) = -17*o**2 - 4083*o + 38129. Determine y(9).
5
Let c(x) = x**2 - 52*x + 89. What is c(27)?
-586
Let g(f) = f**3 - 17*f**2 + 124*f - 385. Calculate g(7).
-7
Let r(q) = -q**3 + 21*q**2 - 327*q + 6090. Determine r(20).
-50
Let m(z) = -50*z + 8687. Calculate m(115).
2937
Let f(z) = z**3 - 124*z**2 - 4652*z - 979. Determine f(-30).
-19
Let c(b) = 802*b + 19892. Give c(-25).
-158
Let w(z) = z**2 - 7829*z + 39087. Determine w(5).
-33
Let c(f) = -2*f**2 - 1610*f + 266770. What is c(-946)?
-2
Let o(p) = 2*p**3 + 89*p**2 + 967*p + 28. Determine o(-20).
288
Let q(r) = -16*r**2 - 31*r + 212. What is q(8)?
-1060
Let j(u) = 14*u**2 + 1739*u + 44. What is j(-125)?
1419
Let o(w) = -793*w + 80121. What is o(101)?
28
Let c(m) = m**3 + 11*m**2 + 1343*m + 7873. Calculate c(-6).
-5
Let f(q) = q**3 - 184*q**2 + 5731*q + 1139. Give f(40).
-21
Let o(y) = 64*y**3 + 151*y**2 + y + 6. Determine o(-3).
-366
Let v(x) = -2*x**3 - 34*x**2 + 1466*x + 10538. Determine v(-34).
-2
Let l(s) = 33*s**2 - 5246*s - 409. What is l(159)?
-250
Let m(g) = -2*g**3 + 6*g**2 + 14*g + 346. Determine m(8).
-182
Let r(w) = 16*w**2 + 792*w - 2087. Calculate r(-52).
-7
Let s(z) = 5943*z + 85583. Determine s(-15).
-3562
Let m(s) = -5451*s - 381614. What is m(-70)?
-44
Let d(j) = 29509*j + 118027. What is d(-4)?
-9
Let y(g) = 337*g + 40819. What is y(-121)?
42
Let r(f) = -5*f**2 - 4611*f - 9211. Determine r(-2).
-9
Let i(g) = -377*g**2 + 1049*g + 2094. Determine i(-2).
-1512
Let i(w) = 223*w**2 + 27609*w - 5336. Calculate i(-124).
-4
Let g(j) = -443*j**2 - 171440*j + 367. What is g(-387)?
-20
Let t(a) = 2*a**3 - 34*a**2 - 150*a - 484. What is t(21)?
-106
Let i(z) = 94*z - 2360. Determine i(-8).
-3112
Let n(w) = -3*w**3 + 2943*w + 11701. Calculate n(-4).
121
Let j(p) = -p**3 + 112*p**2 - 1896*p + 184383. What is j(110)?
23
Let u(d) = d**3 - 61*d**2 + 464*d + 370. Give u(52).
162
Let f(j) = 98*j**2 + 484*j + 30. Determine f(-7).
1444
Let t(a) = -14*a**2 - 933*a - 10844. Calculate t(-15).
1
Let w(v) = -695*v - 416957. What is w(-600)?
43
Let g(z) = z**3 - 58*z**2 + 170*z + 7. What is g(55)?
282
Let k(h) = h**2 + 2277*h + 512054. Determine k(-253).
-18
Let j(f) = -6418*f + 115465. Give j(18).
-59
Let x(y) = 68431*y + 2737240. Give x(-40).
0
Let j(n) = 4*n**3 - 32*n**2 - 1715*n - 221. Determine j(-17).
34
Let r(c) = -c**3 - 17*c**2 + 9*c + 663. Determine r(-11).
-162
Let n(d) = 110*d**3 + 34216*d**2 + 1866*d + 27. Calculate n(-311).
27
Let c(t) = 2*t**3 - 21*t**2 - 671*t - 412. Calculate c(-14).
-622
Let o(p) = -1922*p - 338276. Give o(-176).
-4
Let u(k) = 166*k - 5473. Give u(33).
5
Let t(w) = -22*w**2 + 42*w + 335. Calculate t(5).
-5
Let h(q) = -105*q**2 - 1197*q - 1470. What is h(-10)?
0
Let p(v) = 10*v**3 + 2941*v**2 + 293*v + 2102. What is p(-294)?
2396
Let b(j) = -3*j**3 + 420*j**2 - 370*j - 6330. What is b(139)?
203
Let y(v) = v**2 + 10*v - 49. What is y(10)?
151
Let o(a) = 946*a + 278147. Determine o(-294).
23
Let r(c) = c**2 + 96*c + 18. Calculate r(-19).
-1445
Let k(o) = -2*o**2 + 145*o + 4480. Give k(96).
-32
Let x(i) = -182*i**3 + i**2 - 141*i. What is x(0)?
0
Let n(b) = 694*b + 716. Calculate n(-3).
-1366
Let w(i) = 11*i**3 - 109*i**2 + 28*i - 402. Determine w(10).
-22
Let m(a) = -a**2 - 3113*a + 12468. Calculate m(4).
0
Let i(k) = 2*k**3 + 58*k**2 - 777*k - 14880. What is i(-34)?
-22
Let z(y) = 2252*y - 144114. Give z(64).
14
Let b(q) = -2650*q + 76881. Calculate b(29).
31
Let k(m) = -57373*m + 57430. Calculate k(1).
57
Let w(b) = -31253*b + 406259. Calculate w(13).
-30
Let v(s) = s**2 + 2526*s - 57996. Calculate v(23).
631
Let i(g) = 14*g**2 - 74*g - 452. Calculate i(-9).
1348
Let n(z) = -z**3 - 66*z**2 - 3244*z - 53659. Calculate n(-24).
5
Let y(t) = -33807*t + 338062. What is y(10)?
-8
Let d(i) = 77*i + 973. Determine d(-12).
49
Let j(u) = -12505*u - 387646. What is j(-31)?
9
Let f(r) = -r**3 - 43*r**2 - 579*r - 2496. What is f(-10)?
-6
Let x(u) = 2415*u + 2757955. What is x(-1142)?
25
Let y(t) = -61*t**2 + 2494*t - 60. Give y(41).
-347
Let p(z) = -45*z**2 + 2128*z - 8293. What is p(43)?
6
Let k(v) = 3*v**2 + 983*v - 7097. Determine k(-334).
-751
Let b(u) = -2*u**3 - 30*u**2 + 3770*u + 56496. Give b(-15).
-54
Let u(a) = 8581*a + 729377. Determine u(-85).
-8
Let l(z) = z**2 + 187*z + 7552. Calculate l(-59).
0
Let a(j) = j**2 + 3*j - 2888. Give a(52).
-28
Let n(o) = -747*o + 125664. Calculate n(168).
168
Let a(p) = -230592*p + 21214439. Calculate a(92).
-25
Let w(l) = -40*l + 1369. Give w(54).
-791
Let r(y) = -14*y**2 + 54*y + 55. Calculate r(-1).
-13
Let a(r) = 2*r**3 - 88*r**2 - 45*r + 2160. Calculate a(44).
180
Let f(l) = 68*l + 3724. Give f(-40).
1004
Let y(k) = k**3 - 7*k**2 - 223*k + 1851. Determine y(9).
6
Let u(o) = 89904*o - 269706. Determine u(3).
6
Let u(c) = 565492*c + 1696492. Give u(-3).
16
Let k(n) = n**3 + 9*n**2 - 627*n - 225. Determine k(-30).
-315
Let h(r) = 2377*r + 42521. Determine h(-18).
-265
Let k(v) = 2*v**3 - 505*v**2 - 343*v + 149758. What is k(252)?
-182
Let k(p) = 12*p**2 + 854*p + 5068. What is k(-6)?
376
Let c(n) = -181272*n - 362401. What is c(-2)?
143
Let p(x) = 2*x**2 + 158*x + 2941. Give p(-29).
41
Let j(t) = 2*t**3 - 216*t**2 + 207*t - 220. Determine j(107).
-969
Let a(i) = 25*i**3 + 800*i**2 + 33*i - 144. Calculate a(-32).
-1200
Let y(h) = -h**2 + 59*h + 11975. Calculate y(143).
-37
Let j(m) = 58*m + 5501. Give j(-93).
107
Let i(v) = -2*v**3 + 10*v**2 + 112*v + 156. Give i(-2).
-12
Let k(u) = 23*u**3 + 16809*u**2 - 2898*u + 19000. Determine k(-731).
-6
Let h(t) = 2*t**2 - 831*t + 9737. Determine h(12).
53
Let t(p) = 33613*p - 604773. Determine t(18).
261
Let v(b) = -17*b**3 + 2*b**2 + 1173*b + 1169. Give v(-1).
15
Let o(v) = -v**2 + 29*v + 7025. Calculate o(-68).
429
Let s(c) = 1122*c - 414709. Determine s(370).
431
Let l(c) = 288*c**3 + 1762*c**2 - 1764*c + 1. What is l(1)?
287
Let j(m) = 305*m - 6726. Calculate j(23).
289
Let r(w) = -w**3 + 1473*w**2 + 130785*w - 434. Determine r(-84).
-182
Let m(n) = -147177*n - 10449560. Calculate m(-71).
7
Let k(u) = -442*u**2 + 3988*u + 48. What is k(9)?
138
Let q(j) = -3627*j - 28972. Calculate q(-8).
44
Let h(f) = -2*f**3 + 56*f**2 - 376*f + 103. What is h(19)?
-543
Let g(o) = -12474*o - 10652783. Calculate g(-854).
13
Let g(r) = r**3 - 20*r**2 - 365*r - 1285. What is g(-6)?
-31
Let c(b) = -10*b**3 - 20*b**2 - 476*b + 1645. Calculate c(3).
-233
Let n(l) = -9*l**3 - 80*l**2 + 67*l + 510. Give n(-9).
-12
Let t(o) = 248*o - 1208. Give t(4).
-216
Let r(b) = b**3 - 138*b - 199. What is r(0)?
-199
Let u(l) = -l**3 + 11*l**2 - 139*l + 1035. Give u(8).
115
Let l(k) = -811*k + 64051. Determine l(79).
-18
Let v(q) = -q**3 - 229*q**2 + 1189*q - 92. What is v(5)?
3
Let f(r) = r**2 - 7070*r + 392795. Calculate f(56).
11
Let v(t) = -2*t**3 + 2*t**2 + 68*t + 41. Calculate v(-6).
137
Let k(g) = -260*g**3 - 4*g**2 - 44*g - 116. What is k(-3)?
7000
Let x(o) = 644*o - 85682. Calculate x(133).
-30
Let o(x) = -381*